432203 (base 6) in base 5?
-10112110
Convert -46326 (base 12) to base 7.
-540252
2703363 (base 9) to base 13
3ca0a1
Convert 11100011100001111000 (base 2) to base 12.
38b3b4
-330443303 (base 5) to base 10
-1421703
Convert 11110101001101000111111 (base 2) to base 6.
444114303
What is -170300 (base 14) in base 5?
-201313244
What is -12221130230 (base 4) in base 15?
-24650b
What is -5836087 (base 9) in base 6?
-151332341
Convert 94766 (base 11) to base 6.
2542540
Convert -102000012001011 (base 3) to base 14.
-ac3a75
Convert 514b4 (base 14) to base 8.
576266
185704 (base 13) to base 2
10010101011001110001
480959 (base 10) to base 6
14150355
Convert -1b6c97 (base 15) to base 5.
-320324332
What is -636678 (base 11) in base 2?
-11111000110010010010
Convert -101101301 (base 4) to base 7.
-413216
Convert 7726887 (base 9) to base 10.
4151653
What is 315854 (base 10) in base 14?
83170
121021011122 (base 3) to base 6
10510112
What is -105670 (base 11) in base 7?
-1301165
What is 2022232211 (base 4) in base 10?
568229
11212002 (base 4) to base 10
22914
-30313004 (base 5) to base 7
-2036366
What is -40643360 (base 8) in base 15?
-b4e236
Convert 13403 (base 11) to base 7.
106514
-2166544 (base 12) to base 8
-30176604
-163592 (base 10) to base 15
-33712
What is -1000000000011011010 (base 2) in base 6?
-5342350
What is 200013132 (base 4) in base 8?
400736
Convert -1839306 (base 12) to base 16.
-4d2176
-201dc3 (base 15) to base 3
-2212111020010
Convert a468b (base 15) to base 9.
873885
Convert -331743 (base 10) to base 12.
-13bb93
Convert 1260 (base 14) to base 9.
4367
Convert -11625313 (base 7) to base 10.
-1048708
What is 72954 (base 14) in base 6?
5530514
-a3037 (base 13) to base 11
-18a62a
-300064 (base 9) to base 14
-48817
Convert -25532a (base 14) to base 10.
-1282074
Convert 258a968 (base 11) to base 3.
22102121101010
1243220341 (base 5) to base 7
35234553
What is -1500261 (base 9) in base 4?
-3021320113
What is 3553121 (base 6) in base 8?
553251
-318351 (base 9) to base 11
-11a692
100101101011101000100 (base 2) to base 7
13331605
1332302200 (base 4) to base 11
3251a7
What is -398e93 (base 16) in base 14?
-702923
46ba19 (base 14) to base 7
26342532
5ec2e (base 16) to base 8
1366056
What is 23320031 (base 4) in base 14?
13a33
-1c53ae (base 16) to base 14
-364782
Convert 41354455 (base 8) to base 2.
100001011101100100101101
84882 (base 15) to base 16
66a46
1101110010001100000100 (base 2) to base 12
1263144
-280376 (base 14) to base 8
-5216364
Convert 20d6f8 (base 16) to base 6.
114043452
What is 10516641 (base 7) in base 8?
3365750
-302000011 (base 4) to base 11
-12a967
Convert -433815a (base 11) to base 2.
-11101000101010111011010
What is 433403231 (base 6) in base 11?
43aa7a9
What is -51537a (base 11) in base 16?
-c9e79
-d2833 (base 15) to base 13
-1a4615
Convert -104200 (base 7) to base 6.
-220341
914b5 (base 15) to base 14
bd942
Convert 1782a57 (base 12) to base 14.
917323
-31201103013 (base 4) to base 13
-9712c8
Convert 2202210022120 (base 3) to base 10.
1472082
Convert 137858 (base 10) to base 3.
21000002212
3b1b5 (base 15) to base 7
1416113
-29ba19 (base 14) to base 11
-903098
630203 (base 7) to base 4
122121302
-642153 (base 10) to base 16
-9cc69
What is -4542342 (base 8) in base 2?
-100101100010011100010
12a07cb (base 13) to base 10
5856355
What is -1000100111101001111 (base 2) in base 7?
-2254314
Convert -2268134 (base 9) to base 11.
-76836a
32513534 (base 7) to base 13
76a771
-b45621 (base 12) to base 15
-3ad61a
-1349103 (base 12) to base 10
-3831123
What is -10603224 (base 7) in base 10?
-925530
What is -21330233 (base 4) in base 6?
-512355
Convert 841475 (base 9) to base 13.
14661b
What is 1252080 (base 11) in base 8?
10215422
-100022011202100 (base 3) to base 16
-4b701a
What is -58262 (base 12) in base 4?
-130301222
Convert -725741 (base 12) to base 8.
-6655741
What is -112212100002 (base 3) in base 15?
-5ba4e
-100011011100101010001 (base 2) to base 4
-10123211101
Convert -1777834 (base 13) to base 2.
-11101001001110111000001
-f9994a (base 16) to base 6
-1342334042
Convert -55a2d6 (base 16) to base 2.
-10101011010001011010110
What is -5679028 (base 10) in base 16?
-56a7b4
375845 (base 16) to base 2
1101110101100001000101
Convert 3330213020 (base 4) to base 10.
1034696
What is 273993 (base 14) in base 8?
5125675
What is -200212122210102 (base 3) in base 9?
-20778712
What is -13085974 (base 10) in base 9?
-26554521
What is -105793 (base 14) in base 8?
-2070125
Convert 230b55 (base 15) to base 9.
3130148
What is 14c1d (base 14) in base 9?
78013
Convert 46408 (base 14) to base 11.
107462
Convert -4db30b (base 14) to base 12.
-a93953
What is -100111022001 (base 3) in base 13?
-67075
-172b33a (base 12) to base 15
-648d61
Convert 212212012 (base 3) to base 4.
10033301
What is -51063533 (base 8) in base 2?
-101001000110011101011011
-101824 (base 10) to base 3
-12011200021
What is -5699025 (base 10) in base 5?
-2424332100
What is -1dd96 (base 16) in base 4?
-131312112
What is -21101032020 (base 4) in base 11?
-140a629
Convert 1434303 (base 5) to base 13.
10bc2
Convert -1204355 (base 8) to base 11.
-2059a9
Convert 14217727 (base 8) to base 12.
10b3107
153668a (base 15) to base 4
322212101101
What is 555372 (base 10) in base 11?
34a294
What is 20a63c (base 15) in base 9?
2827503
What is 1b15d7 (base 15) in base 12?
538534
1102212221101 (base 3) to base 12
30ab3a
What is -110210111 (base 3) in base 5?
-244303
What is 209d0 (base 16) in base 3?
20210020120
-4363205 (base 10) to base 5
-2104110310
55556 (base 7) to base 5
422011
716850 (base 10) to base 6
23210430
Convert -13124140 (base 6) to base 9.
-726436
What is 1616642 (base 7) in base 8?
664052
What is -20003211302 (base 4) in base 16?
-203972
What is 1172102 (base 8) in base 13?
b4a1c
What is -18465 (base 15) in base 12?
-395b8
Convert 1135340 (base 7) to base 15.
2c7ee
-111111 (base 5) to base 6
-30030
Convert -2143213112 (base 5) to base 16.
-4728ec
What is 1845779 (base 10) in base 4?
13002220103
-4a30c3 (base 15) to base 10
-3554058
-11211202210 (base 3) to base 14
-26a55
What is 15a66 (base 16) in base 11?
60697
-11011101011010 (base 2) to base 5
-423140
323440 (base 7) to base 4
31302130
What is 40fa5 (base 16) in base 11?
171a64
10031431 (base 8) to base 11
12114a4
-20121021202 (base 3) to base 2
-11111101110110011
9669169 (base 10) to base 12
32a3701
-3627a4 (base 12) to base 15
-12461a
100101211102 (base 3) to base 4
231023102
What is 555241 (base 7) in base 14?
27958
37077 (base 9) to base 16
6118
What is -9866e (base 16) in base 10?
-624238
What is -176587 (base 9) in base 6?
-2204254
5a784 (base 14) to base 7
1610224
What is 2044bb7 (base 12) in base 9?
12361554
153404413 (base 6) to base 2
1100011001110010111001
Convert 1730712 (base 13) to base 9.
15120480
What is -857764 (base 10) in base 6?
-30215044
What is -60972 (base 13) in base 9?
-283250
Convert 350bb45 (base 12) to base 16.
9bfca5
What is -11000010100010100010 (base 2) in base 14?
-16a56a
What is da807 (base 16) in base 8?
3324007
-246991 (base 12) to base 13
-17982a
What is -12111213131 (base 4) in base 10?
-1661405
88836 (base 11) to base 14
34d0b
What is 77186 (base 12) in base 8?
463466
Convert -13925 (base 11) to base 8.
-46446
What is a2aa2 (base 11) in base 15?
2e864
Convert -1081383 (base 10) to base 4.
-10020000213
1050176 (base 8) to base 6
10021010
Convert 110111010000101110 (base 2) to base 8.
672056
What is 254029 (base 10) in base 9?
426414
Convert -12233012213 (base 4) to base 11.
-aa6742
-4123201 (base 6) to base 3
-101001012201
Convert 9120357 (base 10) to base 8.
42625145
Convert -3225573 (base 10) to base 15.
-43aad3
Convert 202111032 (base 4) to base 14.
39366
What is -30d9c (base 14) in base 5?
-12233214
What is 4111b (base 13) in base 16?
1c79a
What is 1010431411 (base 5) in base 14?
3b3808
-449748 (base 15) to base 16
-31ed52
-12434341 (base 5) to base 10
-124346
Convert 515142 (base 6) to base 8.
120546
Convert -1224113142 (base 5) to base 11.
-173a952
Convert 354585 (base 9) to base 8.
640546
What is -2110212121112 (base 3) in base 4?
-11001113003
What is -100010001111101110110011 (base 2) in base 16?
-88fbb3
Convert -526030 (base 8) to base 5.
-21101003
9146a (base 12) to base 8
561122
Convert 32